 12.
67061
-138993 (base 13) to base 9
-805183
-5b41a (base 14) to base 10
-223072
What is -756472 (base 9) in base 7?
-3555416
Convert -522277 (base 8) to base 12.
-84313
What is -341493 (base 11) in base 13?
-1605a0
Convert -11101101010110101 (base 2) to base 12.
-5a3b1
-1140510 (base 6) to base 5
-3403202
Convert 2222021433 (base 5) to base 2.
10010100110100011001101
Convert -1423335 (base 7) to base 9.
-320750
11122000001211 (base 3) to base 14
480928
What is 7ce1 (base 16) in base 3?
1121212001
-332013 (base 6) to base 7
-143430
Convert 22000300 (base 5) to base 9.
315266
5745418 (base 9) to base 4
23311001222
What is 4199832 (base 10) in base 16?
401598
Convert 206427 (base 9) to base 8.
357705
What is -5766321 (base 8) in base 7?
-16220202
-71113 (base 10) to base 11
-49479
Convert -102121120100 (base 3) to base 6.
-4522143
Convert 67b (base 16) to base 14.
867
-2e0c5 (base 15) to base 16
-244cd
Convert 244340 (base 12) to base 5.
122304000
What is -100011002200 (base 3) in base 13?
-63cb7
What is 110003032211 (base 4) in base 10?
5256101
214727 (base 9) to base 10
128167
-101012100112 (base 3) to base 11
-1278a4
-1755287 (base 9) to base 10
-981475
10200101201211 (base 3) to base 15
289a47
What is -775b (base 14) in base 8?
-50265
51111500 (base 7) to base 12
1512588
Convert -1001211402 (base 5) to base 3.
-10201101100201
Convert -773563 (base 10) to base 3.
-1110022010111
-187976 (base 15) to base 14
-22da1a
15a782 (base 16) to base 10
1419138
Convert -1076733 (base 9) to base 6.
-20252003
What is -2ab835 (base 15) in base 14?
-3ba26b
-133033502 (base 6) to base 8
-12123256
Convert 2433544 (base 9) to base 13.
3735b8
Convert b7920 (base 14) to base 10.
443576
1250268 (base 11) to base 12
8861a8
3046330 (base 7) to base 16
590e9
-560b1 (base 12) to base 7
-653614
Convert -3232310 (base 4) to base 10.
-15284
What is 960b2 (base 12) in base 11?
125116
What is -1434532 (base 7) in base 12?
-94134
15550b (base 13) to base 5
113312224
Convert -2301b (base 14) to base 13.
-2c964
13b45 (base 12) to base 2
110101110100101
Convert -8b57a2 (base 15) to base 13.
-14bb0c2
36963 (base 14) to base 16
209bb
Convert -54b958 (base 13) to base 12.
-803446
What is 3474ec (base 15) in base 11?
1461361
Convert -652ba (base 12) to base 4.
-200211232
Convert -220211201 (base 3) to base 14.
-6857
What is -116434 (base 16) in base 13?
-30ba22
-10676717 (base 8) to base 4
-20313313033
What is b27535 (base 13) in base 10?
4157613
Convert -17647320 (base 8) to base 13.
-b235c7
Convert 1738a8 (base 12) to base 9.
670272
Convert -184a45 (base 11) to base 4.
-1011201122
What is 3506884 (base 9) in base 10?
1894666
What is 45410535 (base 8) in base 13?
2064647
Convert -1b95b (base 12) to base 8.
-120227
-2303130 (base 7) to base 6
-10051510
What is 55b72 (base 13) in base 14?
40a86
Convert -543be (base 15) to base 13.
-94994
-630334 (base 10) to base 11
-3a0641
Convert 7a86e3 (base 15) to base 8.
26242506
-244702 (base 10) to base 5
-30312302
What is -12044013 (base 5) in base 15?
-23473
What is 69a4 (base 14) in base 12?
a770
2548 (base 13) to base 3
21021021
Convert -1201011121 (base 3) to base 11.
-23319
101002200121 (base 3) to base 13
6c637
Convert 13343264 (base 7) to base 3.
2022212210022
What is 88417 (base 12) in base 9?
304301
What is 511bb (base 13) in base 10?
145325
What is 121245555 (base 6) in base 15?
308d85
158333 (base 10) to base 14
419b7
What is 3054046 (base 9) in base 13?
450c63
Convert 86a15 (base 11) to base 16.
1ed84
What is 106528 (base 11) in base 10?
169672
Convert -2a809a (base 11) to base 7.
-4034200
What is 4022333 (base 7) in base 4?
1310101133
100123223320 (base 4) to base 6
232155024
1331214311 (base 5) to base 2
1100111001110010111000
Convert -23433145 (base 8) to base 14.
-975d9b
Convert 10010001100001011 (base 2) to base 8.
221413
Convert -3021101310 (base 4) to base 8.
-3112164
What is -7566602 (base 11) in base 12?
-455641a
55c6 (base 15) to base 6
220110
2003123313 (base 4) to base 3
1000100111020
-11221000440 (base 5) to base 3
-212211210201011
-6345460 (base 9) to base 3
-20101112112000
Convert -2a492b (base 12) to base 15.
-e1512
Convert -42c7a (base 14) to base 8.
-473514
418317 (base 10) to base 5
101341232
-17118 (base 10) to base 14
-634a
What is 84439 (base 12) in base 6?
3414513
-dc242 (base 15) to base 7
-5641205
Convert -2c96e (base 16) to base 7.
-1360321
-1068214 (base 9) to base 2
-10001100110100101110
Convert -3404335 (base 9) to base 14.
-35a394
What is -1c05e8 (base 15) in base 12?
-55b962
What is b862 (base 13) in base 9?
38103
a46397 (base 11) to base 8
6314331
Convert -50015351 (base 6) to base 3.
-2122020110011
1679921 (base 10) to base 7
20164505
Convert 3431136 (base 7) to base 3.
210201211100
-32aac (base 14) to base 11
-84330
1052233 (base 6) to base 8
150635
What is -16b65 (base 15) in base 14?
-1caa1
What is -100321111133 (base 4) in base 13?
-bc0ccc
-325145323 (base 6) to base 11
-3333344
Convert -46c22 (base 13) to base 7.
-1046333
-11101012000 (base 3) to base 4
-111002031
Convert 122505124 (base 7) to base 8.
35377412
-11ab90 (base 13) to base 7
-3413366
Convert 1a214b (base 12) to base 7.
3623450
What is -2256788 (base 12) in base 5?
-3141203132
1010010010101000001 (base 2) to base 8
1222501
-112110111222 (base 3) to base 11
-184987
213012322302 (base 4) to base 8
47067262
-1325899 (base 11) to base 6
-121041503
What is -7474164 (base 8) in base 10?
-1996916
-281d4 (base 14) to base 11
-68561
1110031022 (base 4) to base 5
42014111
-115db6 (base 15) to base 6
-25442243
-2654b14 (base 13) to base 15
-10cad30
Convert -151090 (base 14) to base 6.
-23412250
Convert 1304986 (base 12) to base 14.
6d5394
26685 (base 15) to base 12
5b1bb
-330332113 (base 4) to base 11
-160707
Convert -1405323 (base 6) to base 15.
-185e3
Convert -4710d9 (base 16) to base 4.
-101301003121
Convert -1000001011011000010 (base 2) to base 15.
-545ea
What is -1997293 (base 10) in base 8?
-7474755
-1213210020 (base 4) to base 11
-26a787
Convert 47b31b (base 14) to base 3.
11121112010222
Convert 586525 (base 9) to base 16.
56117
What is -546d7d (base 14) in base 10?
-2861907
Convert -2222210201 (base 3) to base 10.
-58906
What is 10001010110001011 (base 2) in base 10?
71051
-55653 (base 8) to base 13
-a8b2
What is -794a55 (base 11) in base 10?
-1265720
What is -211203322 (base 4) in base 14?
-400d4
What is 20022020001 (base 4) in base 2?
1000001010001000000001
What is -22405552 (base 7) in base 11?
-1113300
-213103303 (base 4) to base 16
-274f3
Convert 22342012 (base 5) to base 9.
333753
What is 195cb4 (base 15) in base 2?
100101101011100111000
Convert 23455010 (base 6) to base 7.
6164043
What is 11022022120 (base 3) in base 13?
2c799
16b5b (base 13) to base 2
1010101010011110
Convert 3c81c7 (base 14) to base 15.
2b640c
Convert 11254055 (base 6) to base 5.
42141043
-a43020 (base 12) to base 3
-11211220020220
What is 10011101100100 (base 2) in base 5?
310314
What is 5569e (base 16) in base 10?
349854
1102120001102 (base 3) to base 14
15a811
What is -94de8c (base 16) in base 2?
-100101001101111010001100
Convert -13425104 (base 6) to base 13.
-12bc86
Convert -104593 (base 16) to base 14.
-1da8a7
Convert -113213101 (base 4) to base 6.
-2023441
-2212222121212 (base 3) to base 16
-176c18
-256005 (base 12) to base 8
-2252605
Convert -4448d8 (base 16) to base 14.
-846c1a
-238785 (base 10) to base 5
-30120120
8ac45b (base 14) to base 8
22003641
-1033271 (base 10) to base 9
-1844338
Convert 1309329 (base 13) to base 6.
331433123
-24166537 (base 8) to base 9
-10873211
-120220110211 (base 3) to base 6
-10413251
What is -222401440 (base 5) in base 15?
-145c30
-758009a (base 11) to base 16
-cb4c9b
Convert 110111100111100100 (base 2) to base 12.
aba04
Convert 3260525 (base 8) to base 7.
10311342
What is 365c5 (base 14) in base 7?
1062235
Convert 4aa9501 (base 11) to base 5.
4231340444
Convert 1243631 (base 7) to base 10.
162212
Convert -6a2a92 (base 12) to base 3.
-10012122022102
-1001010110110111001 (base 2) to base 7
-2414633
Convert 102232221122 (base 4) to base 16.
4aea5a
Convert 240654 (base 9) to base 3.
21100201211
What is -201002101021 (base 3) in base 9?
-632337
What is -61217756 (base 8) in base 12?
-43b017a
Convert 111144434 (base